ided by 3?
0
Let p be 8/(-36) + 2149/(-9). Let g = p - -160. Let x = -45 - g. Calculate the remainder when x is divided by 9.
7
Suppose -3*y + 2*g = -71, 0 = -5*y + 2*g + 114 - 1. Let n(q) = 6*q. Calculate the remainder when y is divided by n(1).
3
Suppose -18*o + 155 = -14*o - 5*p, -o - 5*p = -45. What is the remainder when 100 is divided by o?
20
Let f be ((-4)/(-5))/((-10)/(-25)). Let y be (3 - 1)/f + 3. Suppose r - 69 = -y*m - 14, 5*m + 5*r - 80 = 0. What is the remainder when 24 is divided by m?
11
Let w be (-2 + (-66)/(-9))*(-6)/(-4). What is the remainder when 74/1 + w + -4 is divided by 33?
12
Suppose 99 = 2*q + q. Let a(s) = -s**3 + 10*s**2 - 10*s - 3. What is the remainder when a(8) is divided by 1/(q/16 - 2)?
13
Let a(d) = -3*d**2 - 34*d + 22. What is the remainder when 287 is divided by a(-11)?
23
Let q(l) = -6*l - 27*l + l**2 + 23 + 14*l. Let w be q(17). Let m = -3 - w. What is the remainder when 15 is divided by m?
7
Suppose -74*w + 52*w + 220 = 0. Calculate the remainder when 48 is divided by w.
8
Suppose 7*w - 739 - 395 = 0. What is the remainder when w is divided by 83?
79
Calculate the remainder when 1014/5 + 441/(-45) + 10 is divided by 49.
7
Suppose -3*d - 3*s = -159, -28 + 279 = 5*d - 2*s. Let r = d - 44. Calculate the remainder when 18 is divided by r.
4
Let x(u) = u**2 - 6*u - 4. Calculate the remainder when 26 is divided by x(7).
2
Suppose m + x = 3 + 22, 0 = -5*x. Suppose 0 = -4*b - t + 281, 4*b = 2*t - 6*t + 272. What is the remainder when b is divided by m?
21
Calculate the remainder when (21 + -234)*10/(-15) is divided by 2.
0
Suppose 0 = -3*u - 2*k + 648, -3*u + 2*k - 279 = -915. Calculate the remainder when u is divided by 27.
25
Let w be (-3)/(-3) - (2 + -27). Let n be -3*5 + 5/(-5). Let j = w + n. Calculate the remainder when 29 is divided by j.
9
Let p(f) = 4*f - 18. Let n(a) = -a - 1. Let l(m) = 3*n(m) - p(m). Let y = -7 + 20. What is the remainder when l(-5) is divided by y?
11
Suppose -5*n - x + 2*x + 27 = 0, 0 = 4*x + 8. What is the remainder when 69 is divided by n?
4
Let w(u) be the third derivative of u**4/24 + u**3/2 - 8*u**2. Let h be w(1). Suppose h*j + j = 85. What is the remainder when 31 is divided by j?
14
Let x = 7980 + -5679. Let z be (-6)/(-27) - x/27. Let l = z + 120. What is the remainder when l is divided by 9?
8
Let h be 0 - -3*8/(-12)*5. What is the remainder when ((-8)/h)/(744/(-150) + 5) is divided by 7?
6
Suppose -3*r = -r - 3*p - 44, -3*r - 2*p = -79. Suppose -9*c + 3*c - 552 = 0. Let b = c + 164. Calculate the remainder when b is divided by r.
22
Suppose -27*w = -33*w + 180. Suppose 28*m - w*m = -22. What is the remainder when 29 is divided by m?
7
Suppose 2*c + 5*r - 1386 + 85 = 0, -3*c = -3*r - 2004. Calculate the remainder when c is divided by 83.
82
Suppose 135 = -3*j + 2*j. Let d = 216 + j. What is the remainder when d is divided by 28?
25
Let p(k) = 7*k**2 + 2*k + 1. Let w be p(2). Suppose 0 = 4*x - w - 111. What is the remainder when x is divided by 20?
16
Let n(p) = -3*p**3 - 14*p**2 - 6*p + 26. Calculate the remainder when n(-9) is divided by 18.
17
Suppose 129*y = 197*y + 353*y - 421. Let l = -5 - -7. Calculate the remainder when l is divided by y.
0
Let f = 12 + -7. Suppose -15 = f*h - 55. Let y(d) = d**2 + 11*d + 11. Calculate the remainder when y(-12) is divided by h.
7
Let w(a) = -a**3 + 4*a**2 - 3*a + 5. Let v be w(3). Suppose -2*j + 6*j + v*b = 213, 4*j - b - 207 = 0. What is the remainder when j is divided by 18?
16
Let f(w) = 7*w + 150. Let q = 4 - -5. Let n(h) = -h**2 + 10*h + 1. Calculate the remainder when n(q) is divided by f(-21).
1
Let d = 31 - 19. Let j be (0 - 2)/((-2)/(-7)). Let v(p) = -p**3 - 7*p**2 + 5. Calculate the remainder when d is divided by v(j).
2
Suppose -33 = -x - 2*o, 3*x = -0*x + 2*o + 139. Calculate the remainder when 81/54*((-3048)/9)/(-4) is divided by x.
41
Suppose 4*d + 0*j - 14 = 2*j, 0 = -5*d - j + 35. Let o = 34 - 31. Suppose 0*w = -o*w + d. Calculate the remainder when 5 is divided by w.
1
Let f = 43 - 8. What is the remainder when f is divided by (3 - 7)/(-12)*36?
11
Let f(p) = -p**3 - 52*p**2 + p + 62. What is the remainder when f(-52) is divided by 7?
3
Let r(m) = -m**3 - 2*m**2 + 4*m + 29. What is the remainder when r(-5) is divided by 43?
41
Suppose -4*k = -0*k - 116. Let y be (-7 - 0)*(-2)/35*-15. Let i(v) = v**2 + 6*v + 5. Calculate the remainder when k is divided by i(y).
4
Let i(t) = -t**2 + 16*t + 16. Let y(g) = -g - 1. Let x(u) = i(u) + 5*y(u). Let v be x(15). Let a = 70 + v. What is the remainder when a is divided by 12?
9
Suppose -24 = -11*d + 8*d. Let c be (-30)/7 + (-16)/(-56). Let l = 17 + c. What is the remainder when l is divided by d?
5
Let z = 105 + -102. Let d(h) = h**3 - 6*h**2 + h - 1. Let f be d(6). Suppose 0 = -0*y - f*y + 55. What is the remainder when y is divided by z?
2
Let n(a) = 4*a - 1 - 5*a**2 + a**3 + 5*a**2 + 8*a**2. Calculate the remainder when 78 is divided by n(-7).
18
Let r = 1631 + -1484. What is the remainder when r is divided by 77?
70
Let v(l) = l + 2. Let f be v(-2). Suppose f = -6*s + 81 + 39. Suppose 45 = 23*q - s*q. Calculate the remainder when q is divided by 4.
3
Let j(n) = n**3 - 7*n. Let z be j(-5). Let g = 122 + z. What is the remainder when g is divided by 20?
12
Let u = 593 + -426. What is the remainder when u is divided by 12?
11
Let a(d) = 2*d**3 - 3*d**2 - 10*d + 9. Let f be a(4). Let r = 52 - f. Calculate the remainder when 4 is divided by r.
1
Suppose 2 = 3*x + 11. Let u(n) = 2*n**2 + 6*n + 2. Let q(a) = -a. Let c(p) = 2*q(p) - u(p). What is the remainder when 5 is divided by c(x)?
1
Let o = 44 + 12. Suppose -51 = -q - 3*x, q = -0*q - 4*x + o. What is the remainder when q is divided by 19?
17
Suppose 0 = 6*k - 4*k. Suppose k = -6*r - 0*r + 120. Let y = 38 - r. Calculate the remainder when 70 is divided by y.
16
Let z = -196 - -306. Suppose -5*y = 15, -112 = -4*d - 2*y + z. Calculate the remainder when d is divided by ((-36)/(-21))/(1/7).
9
Let d(i) be the second derivative of i**4/4 + i**3/6 - 15*i**2 + 13*i. Suppose 13 = 2*h - 37. What is the remainder when d(-6) is divided by h?
22
Let b = -658 - -675. What is the remainder when 678 is divided by b?
15
Let a = 140 + -99. Calculate the remainder when a is divided by 14.
13
Let n be (-1 - 3/2)*10/(-1). Let g = 9 + n. What is the remainder when 235 is divided by g?
31
What is the remainder when 260 is divided by 68*2*10*(-6)/(-120)?
56
Let v be 6/(-2)*105/(-9). Suppose -23*f + 28*f = v. What is the remainder when 18 is divided by f?
4
Let b be (-12)/6*(-47)/2. Suppose 5*a + 12 = b. Suppose 2*r - 19 = 3*y - 2*y, -11 = -3*r + 5*y. What is the remainder when r is divided by a?
5
Let d = 1164 - 965. What is the remainder when d is divided by 27?
10
Let t(g) = 2*g**3 - 9*g**2 - 2*g + 3. Let r be t(7). Calculate the remainder when 193 is divided by r/6 - 0/(-2).
37
Let q(c) = -2*c - 1 + 7*c**2 + 6 + 2*c. What is the remainder when q(-4) is divided by 30?
27
Let c = 400 + -266. What is the remainder when c is divided by 27?
26
Suppose -4*d - 542 = -5*d - 4*z, 0 = 3*d + 4*z - 1626. Calculate the remainder when 6/21 - d/(-14) is divided by 10.
9
Suppose -19 = 3*y + 5. Let o(h) = -44*h + 46. Let t be o(6). Calculate the remainder when 107 is divided by 7/(-28) + t/y.
26
Suppose -1318 = 59*c - 3501. Suppose -r + 96 = 5*n, 20 = 2*r - 7*r. Calculate the remainder when c is divided by n.
17
Let w be (-6 - -5)*(72 + -1). Let r = w + 149. Calculate the remainder when 103 is divided by (r/(-4))/((-30)/40).
25
Suppose 0 = 2*f + 4*g - 142, -101*f + 213 = -98*f - 5*g. Suppose -5*k + 68 = -22. What is the remainder when f is divided by k?
17
Suppose 286*o - 278*o - 24 = 0. Let q = 0 + 2. What is the remainder when o is divided by q?
1
Let m = 305 - 217. What is the remainder when m is divided by 23 + (1/((-4)/(-16)) - 4)?
19
Suppose 0 = 9*h - 12*h + 117. Calculate the remainder when 140 is divided by h.
23
What is the remainder when 1*2/4*(793 - 3) is divided by 46?
27
Let j = 9 + 23. Suppose -6*n = -10*n. Calculate the remainder when j is divided by -1 + (n - 2) + 20.
15
Let j be 12/(4/(-15 + -5)). Calculate the remainder when 21 + j/14 + (-22)/(-77) is divided by 9.
8
Suppose -9*o + 209 = -214. Calculate the remainder when 90 is divided by o.